27111?
23
Calculate the highest common divisor of 3870 and 11518410.
1290
What is the highest common factor of 1665284 and 46726?
766
Calculate the greatest common factor of 130 and 2020830.
10
Calculate the greatest common divisor of 1319 and 64529437.
1319
What is the greatest common factor of 646672 and 11024?
208
Calculate the highest common divisor of 14014 and 6314.
154
Calculate the greatest common factor of 2368 and 253894.
74
Calculate the highest common factor of 59944 and 11894312.
1016
What is the greatest common divisor of 186910 and 4880?
10
Calculate the greatest common factor of 188353 and 3047.
11
What is the highest common factor of 368 and 225962534?
46
What is the greatest common divisor of 497044 and 794707?
313
What is the highest common factor of 1127181 and 2?
1
What is the greatest common divisor of 528 and 5621440?
176
Calculate the greatest common factor of 17417720 and 2840.
2840
Calculate the greatest common divisor of 5957242 and 67728.
2822
Calculate the highest common divisor of 15429943 and 43036.
1537
What is the greatest common divisor of 37 and 4569241?
37
Calculate the greatest common factor of 434 and 18838575.
7
What is the highest common divisor of 2271138976 and 32?
32
What is the greatest common factor of 54915774 and 6?
6
What is the highest common divisor of 78 and 121282538?
26
What is the greatest common divisor of 12680 and 1787246?
634
What is the highest common divisor of 56988470 and 3080?
770
What is the greatest common divisor of 4239906 and 506?
22
Calculate the highest common divisor of 130868949 and 93.
93
Calculate the highest common factor of 251915873 and 2739.
913
What is the greatest common factor of 56143516 and 1089?
121
Calculate the highest common factor of 20101620 and 308.
308
What is the highest common factor of 2315260038 and 173?
173
What is the greatest common factor of 198659526 and 3171?
453
What is the greatest common divisor of 104 and 8154796?
52
What is the greatest common divisor of 1117831 and 936?
13
Calculate the highest common divisor of 32592240 and 160.
80
Calculate the highest common factor of 1570 and 1556158095.
785
What is the greatest common factor of 1377 and 118437147?
1377
What is the greatest common divisor of 4708 and 799978652?
4708
What is the highest common divisor of 62086055 and 7155?
265
What is the greatest common factor of 5138600 and 5520?
40
Calculate the highest common factor of 57756 and 36744.
12
What is the greatest common factor of 115500 and 13632850?
3850
What is the highest common factor of 125396 and 539419?
1081
What is the highest common factor of 13 and 94522233?
13
Calculate the greatest common divisor of 525 and 12938877.
21
Calculate the highest common factor of 1144 and 74556053.
143
Calculate the greatest common factor of 92701 and 13448.
41
Calculate the greatest common divisor of 35790854 and 12171.
4057
What is the greatest common factor of 22838976 and 72576?
1728
What is the greatest common divisor of 151164 and 58120620?
3876
What is the greatest common factor of 746 and 7945646?
746
What is the greatest common factor of 68600 and 907900?
700
What is the greatest common divisor of 148460676 and 276?
276
What is the highest common divisor of 26796 and 11824692?
3828
What is the greatest common factor of 138416002 and 4?
2
Calculate the greatest common factor of 2768 and 30417206.
346
Calculate the greatest common factor of 130 and 7028489.
13
What is the highest common factor of 40170672 and 27?
9
What is the greatest common factor of 54311103 and 891?
99
What is the greatest common factor of 6848622 and 1386?
198
Calculate the greatest common divisor of 95791634 and 118514.
10774
Calculate the highest common divisor of 368 and 1595947.
23
What is the highest common factor of 11481880 and 25?
5
What is the greatest common divisor of 17917 and 539258?
437
Calculate the greatest common factor of 332827365 and 690.
345
Calculate the greatest common factor of 1860 and 3317868.
372
What is the highest common divisor of 6426 and 22174290?
918
Calculate the greatest common divisor of 280 and 9262070.
10
Calculate the highest common factor of 44604 and 4442228.
1652
Calculate the greatest common factor of 9232 and 11552.
16
Calculate the greatest common factor of 672 and 4540928.
224
Calculate the highest common divisor of 471906960 and 12.
12
Calculate the highest common factor of 48384 and 5561472.
2688
What is the highest common factor of 49157484 and 298?
298
Calculate the greatest common factor of 2 and 4089223.
1
Calculate the greatest common divisor of 43601817 and 42.
21
What is the greatest common divisor of 145 and 131385515?
145
Calculate the highest common factor of 210158954 and 1688.
422
Calculate the highest common factor of 13714570 and 160.
10
What is the greatest common divisor of 3905 and 2473138030?
3905
Calculate the greatest common factor of 466557 and 10101.
273
Calculate the highest common divisor of 865 and 1173410.
5
What is the highest common divisor of 11631569 and 467?
467
Calculate the highest common factor of 74000496 and 219792.
11568
Calculate the greatest common divisor of 396 and 620244.
36
Calculate the greatest common divisor of 1074 and 5591602.
358
Calculate the greatest common factor of 4465 and 73283.
19
What is the greatest common divisor of 53173575 and 210?
105
What is the highest common factor of 112 and 7512260?
28
Calculate the greatest common factor of 93294218 and 6612.
1102
Calculate the greatest common divisor of 2996 and 5932829.
749
Calculate the greatest common divisor of 400 and 10424.
8
Calculate the greatest common factor of 409318140 and 2660.
2660
What is the greatest common divisor of 16192 and 1368488?
88
Calculate the greatest common divisor of 12233376 and 54.
54
What is the greatest common factor of 11464117 and 2072?
259
Calculate the greatest common divisor of 11838118 and 19564.
146
Calculate the highest common factor of 96491636 and 412.
412
What is the highest common divisor of 11718 and 10142766?
1674
What is the highest common factor of 1170816672 and 48?
48
Calculate the highest common divisor of 273165387 and 3411.
1137
What is the greatest common divisor of 2 and 7043494?
2
What is the highest common factor of 752 and 106873112?
376
What is the greatest common divisor of 23907015 and 195?
15
What is the highest common divisor of 93626 and 3887?
169
What is the greatest common factor of 13237 and 6835965?
1891
What is the greatest common divisor of 791965 and 61?
1
Calculate the greatest common factor of 35363267 and 4415.
883
What is the highest common factor of 188 and 335492?
4
Calculate the highest common factor of 462567 and 714.
21
What is the highest common divisor of 425360 and 124800?
1040
Calculate the highest common divisor of 928785 and 1375.
55
What is the greatest common factor of 32030948 and 8559?
317
What is the highest common divisor of 4864592 and 144?
16
What is the highest common factor of 20599540 and 260?
260
Calculate the highest common factor of 657 and 5542671.
219
What is the greatest common divisor of 4766449 and 15985?
139
Calculate the greatest common divisor of 294064 and 1296.
16
Calculate the highest common divisor of 106817024 and 14848.
512
What is the greatest common divisor of 11795780 and 276?
92
Calculate the highest common factor of 6050373 and 261021.
1563
Calculate the highest common factor of 1658438 and 138.
46
What is the highest common divisor of 1575 and 151221?
21
Calculate the highest common factor of 2392 and 98024.
8
What is the highest common factor of 25 and 410510?
5
What is the highest common factor of 13 and 42536507?
13
What is the highest common factor of 224498668 and 2312?
1156
Calculate the greatest common factor of 190296 and 5076.
108
Calculate the greatest common factor of 73 and 73289.
1
What is the greatest common divisor of 965683 and 51652?
349
Calculate the highest common divisor of 27226 and 2.
2
What is the greatest common divisor of 77052191 and 46178?
2099
What is the highest common divisor of 1037512 and 1847734?
2674
Calculate the greatest common factor of 140 and 345532.
4
What is the greatest common divisor of 4091854 and 5604?
934
Calculate the greatest common divisor of 5748